{"id":1120,"date":"2017-03-31T18:42:01","date_gmt":"2017-03-31T15:42:01","guid":{"rendered":"http:\/\/tkpz.com.ua\/?page_id=4"},"modified":"2017-03-31T18:42:01","modified_gmt":"2017-03-31T15:42:01","slug":"strona-glowna","status":"publish","type":"page","link":"https:\/\/new.tkpz.com.ua\/index.php\/strona-glowna\/","title":{"rendered":""},"content":{"rendered":"<p>&nbsp;<\/p>\n<p>Towarzystwo Kultury Polskiej Zakarpacia (TKPZ) im. Gniewy Wo\u0142osiewicz<span style=\"font-weight: 400;\"> \u00a0dzia\u0142a od 1995 roku. Priorytetem dzia\u0142a\u0144 TKPZ jest krzewienie polsko\u015bci w polskim \u015brodowisku Zakarpacia oraz promowanie kultury polskiej w wielokulturowym obwodzie Zakarpackim. Du\u017co uwagi przywi\u0105zuje si\u0119 do wychowania m\u0142odzie\u017cy pochodzenia polskiego, zachowania j\u0119zyka i tradycji polskich w jej \u015brodowisku. <\/span><\/p>\n<p><span style=\"font-weight: 400;\">Od 1999 roku na bazie U\u017cgorodzkiej specjalizowanej Szko\u0142y \u015bredniej nr 5 z pog\u0142\u0119bion\u0105 nauk\u0105 j\u0119zyk\u00f3w obcych funkcjonuje Polska Szko\u0142a Sobotnio-Niedzielna im. ks. Prof. J\u00f3zefa Tischnera. Przy TKPZ od lat dzia\u0142a Ko\u0142o Lekarskie, jego uczestnikami s\u0105 zakarpaccy lekarze pochodzenia polskiego.<\/span><\/p>\n<p><span style=\"font-weight: 400;\">W Towarzystwie dzia\u0142a jedyna w obwodzie Zakarpackim biblioteka ksi\u0105\u017cek w j\u0119zyku polskim.<\/span><\/p>\n<p><span style=\"font-weight: 400;\">Wzrasta popularno\u015b\u0107 Towarzystwa i zainteresowanie kultur\u0105 oraz j\u0119zykiem polskim w\u015br\u00f3d miejscowej inteligencji, w tym m\u0142odzie\u017cy szkolnej i studenckiej. Towarzystwo od lat \u015bci\u015ble wsp\u00f3\u0142pracuje z Federacj\u0105 Organizacji Polskich na Ukrainie oraz partnerami w Polsce z wojew\u00f3dztwa podkarpackiego. <\/span><\/p>\n<p>&nbsp;<\/p>\n","protected":false},"excerpt":{"rendered":"<p>&nbsp; Towarzystwo Kultury Polskiej Zakarpacia (TKPZ) im. Gniewy Wo\u0142osiewicz \u00a0dzia\u0142a od 1995 roku. Priorytetem dzia\u0142a\u0144 TKPZ jest krzewienie polsko\u015bci w polskim \u015brodowisku Zakarpacia oraz promowanie kultury polskiej w wielokulturowym obwodzie Zakarpackim. Du\u017co uwagi przywi\u0105zuje si\u0119 do wychowania m\u0142odzie\u017cy pochodzenia polskiego, zachowania j\u0119zyka i tradycji polskich w jej \u015brodowisku. Od 1999 roku na bazie U\u017cgorodzkiej specjalizowanej [&hellip;]<\/p>\n","protected":false},"author":1,"featured_media":0,"parent":0,"menu_order":0,"comment_status":"closed","ping_status":"closed","template":"","meta":{"footnotes":""},"class_list":["post-1120","page","type-page","status-publish","hentry"],"_links":{"self":[{"href":"https:\/\/new.tkpz.com.ua\/index.php\/wp-json\/wp\/v2\/pages\/1120","targetHints":{"allow":["GET"]}}],"collection":[{"href":"https:\/\/new.tkpz.com.ua\/index.php\/wp-json\/wp\/v2\/pages"}],"about":[{"href":"https:\/\/new.tkpz.com.ua\/index.php\/wp-json\/wp\/v2\/types\/page"}],"author":[{"embeddable":true,"href":"https:\/\/new.tkpz.com.ua\/index.php\/wp-json\/wp\/v2\/users\/1"}],"replies":[{"embeddable":true,"href":"https:\/\/new.tkpz.com.ua\/index.php\/wp-json\/wp\/v2\/comments?post=1120"}],"version-history":[{"count":0,"href":"https:\/\/new.tkpz.com.ua\/index.php\/wp-json\/wp\/v2\/pages\/1120\/revisions"}],"wp:attachment":[{"href":"https:\/\/new.tkpz.com.ua\/index.php\/wp-json\/wp\/v2\/media?parent=1120"}],"curies":[{"name":"wp","href":"https:\/\/api.w.org\/{rel}","templated":true}]}}